(base 3) to base 8
1006731
1548b8b (base 13) to base 15
8e9d13
Convert 6151531 (base 7) to base 5.
142012231
What is -1a218 (base 12) in base 7?
-216506
Convert 4e0ea7 (base 16) to base 10.
5115559
-22120122021 (base 3) to base 7
-1302214
What is 58c967 (base 14) in base 5?
1233444411
What is -75278 (base 11) in base 14?
-2bc73
What is 1a9220 (base 12) in base 16?
733f8
Convert -1844b (base 16) to base 5.
-11140103
What is 200123020 (base 4) in base 7?
1062124
What is -551020 (base 7) in base 8?
-274215
3113133040 (base 5) to base 4
120111231223
What is -2311 (base 4) in base 3?
-20201
Convert -13134402 (base 5) to base 8.
-377052
What is -1101000000111111010010 (base 2) in base 12?
-11865aa
Convert -322255 (base 6) to base 13.
-c074
Convert 295b9 (base 13) to base 10.
77892
-130220 (base 8) to base 12
-221a8
What is -4251011 (base 6) in base 16?
-32fef
What is 12846 (base 14) in base 16?
b1de
Convert -23272 (base 12) to base 4.
-23132312
What is 92c64 (base 14) in base 13?
c4c97
What is -1132310424 (base 5) in base 10?
-2619489
-561b3 (base 16) to base 11
-220a89
-68be6 (base 15) to base 3
-121221101200
What is 1214221 (base 9) in base 11?
4102a0
Convert -644858 (base 9) to base 8.
-1356233
What is -36652 (base 11) in base 6?
-1043540
Convert -20011212210002 (base 3) to base 12.
-1124a62
Convert -65096 (base 13) to base 8.
-544312
-11000101100011000101101 (base 2) to base 3
-110011212122102
What is 153cc96 (base 15) in base 11?
8757298
What is -11010011101010100110000 (base 2) in base 16?
-69d530
-11124412 (base 5) to base 3
-12000102202
Convert -c09ea (base 15) to base 13.
-1846c6
What is -350642 (base 7) in base 6?
-1202302
What is 1534b2 (base 14) in base 16?
b4704
23013331113 (base 4) to base 5
1221304213
-25718 (base 13) to base 10
-69311
Convert 130004444 (base 5) to base 12.
262074
-836000 (base 12) to base 15
-2ab4dc
-3182173 (base 10) to base 2
-1100001000111001011101
-119051 (base 12) to base 6
-10040141
Convert 131365 (base 11) to base 6.
4233043
-2a6a55 (base 12) to base 6
-23210545
-1dc48a (base 15) to base 12
-5a441a
Convert -2302563 (base 7) to base 12.
-119ab3
What is 2326358 (base 9) in base 7?
13456055
-1066821 (base 9) to base 16
-8c968
What is 10011000111000000110 (base 2) in base 4?
2120320012
-956837 (base 16) to base 14
-142c4bd
Convert c0e1 (base 16) to base 13.
19623
Convert -212410133 (base 5) to base 10.
-903793
Convert -100011001101100010110 (base 2) to base 9.
-2147655
What is 55aa5 (base 12) in base 15?
23b25
215981 (base 11) to base 9
574602
1303330 (base 10) to base 14
25cd90
What is -110110000001100111000 (base 2) in base 3?
-10022221101112
What is 226693 (base 15) in base 6?
55104350
e7c82 (base 15) to base 14
151d01
What is -40402b (base 13) in base 6?
-52004353
Convert -684243 (base 12) to base 14.
-315295
What is 10341123424 (base 5) in base 10?
11270489
What is -5652222 (base 7) in base 9?
-1278730
101110011000000000011011 (base 2) to base 10
12156955
2159975 (base 11) to base 3
21010120121221
-253736 (base 11) to base 13
-1101c7
What is -110416435 (base 7) in base 4?
-121122002131
Convert -668826 (base 11) to base 13.
-2b4164
What is 509de (base 15) in base 14?
690bd
What is 20202022020111 (base 3) in base 8?
15540331
Convert 12413 (base 10) to base 7.
51122
Convert -32475 (base 14) to base 8.
-355427
Convert 538782 (base 13) to base 2.
111011110110000110101
-7710115 (base 10) to base 9
-15451254
What is -1226a8a (base 11) in base 13?
-5986a5
Convert 241124142 (base 5) to base 3.
2002121112021
Convert 11110011100010111 (base 2) to base 4.
132130113
What is -1011011011100101 (base 2) in base 10?
-46821
What is 11633163 (base 7) in base 5?
232102420
Convert 534208 (base 9) to base 11.
1a7a24
-1054564 (base 7) to base 8
-400365
What is 13286 (base 9) in base 4?
2030130
What is -2a0208 (base 13) in base 7?
-11512444
Convert -152a6 (base 16) to base 11.
-5a153
What is 81030 (base 11) in base 5?
12242432
What is 7371a9 (base 13) in base 11?
1584959
-40b50 (base 16) to base 6
-5403012
-1010033223 (base 4) to base 10
-279531
110001010110010011111 (base 2) to base 13
44804b
-566a8 (base 11) to base 6
-1431443
7d49a3 (base 14) to base 4
100110031003
Convert 1270520 (base 8) to base 3.
200010021200
What is -50b94c (base 13) in base 16?
-1cb869
26ce5 (base 15) to base 5
12440130
-71263 (base 11) to base 3
-12021211122
Convert -1678056 (base 11) to base 6.
-141035211
What is -46762 (base 11) in base 15?
-14eca
Convert 153116 (base 7) to base 2.
111010011001111
1310200 (base 5) to base 2
110010001001011
Convert -693eb7 (base 15) to base 13.
-106c483
20022607 (base 8) to base 9
7816612
What is -967679 (base 10) in base 6?
-32423555
Convert -4c8496 (base 15) to base 6.
-210420453
Convert -110001011011100001001100 (base 2) to base 5.
-11304122042
What is -156132 (base 10) in base 5?
-14444012
233d9 (base 16) to base 11
994a3
What is -15143 (base 14) in base 13?
-1ab01
2072700 (base 9) to base 2
100001111001100110010
Convert 51500651 (base 8) to base 4.
221220012221
-39115 (base 11) to base 14
-165cb
What is -127547 (base 11) in base 15?
-3e53b
1011222001200 (base 3) to base 10
629172
-100000011101001001011 (base 2) to base 5
-233012444
Convert 100110100010011000101010 (base 2) to base 3.
201000020202210
Convert -110011100111010 (base 2) to base 3.
-1100020202
111100100111010100 (base 2) to base 4
330213110
What is 11646364 (base 8) in base 15?
35d21e
What is -32044233 (base 6) in base 14?
-1a6421
What is -111001101011101001001011 (base 2) in base 3?
-1001110020001222
Convert -26944a (base 14) to base 3.
-2111122201212
-113530211 (base 6) to base 13
-5a0196
-302323204 (base 5) to base 13
-336865
Convert 134ba (base 15) to base 6.
1154121
-546056 (base 7) to base 6
-2015122
What is -1021100201 (base 3) in base 10?
-25048
What is 11673 (base 16) in base 9?
117703
Convert 21045111 (base 7) to base 16.
1b19ef
What is -489140 (base 10) in base 3?
-220211222022
What is -3545512 (base 6) in base 11?
-117245
Convert 7d3bb1 (base 14) to base 8.
20235037
What is 112741a (base 11) in base 7?
22521305
100000001011101100111 (base 2) to base 13
2ac007
110100001100011000110 (base 2) to base 14
3273ca
-1c3683 (base 13) to base 3
-1100200001000
What is 11111100010111010000011 (base 2) in base 3?
120120010112200
5223350 (base 6) to base 5
31032320
102222020 (base 3) to base 8
21027
-350340 (base 7) to base 2
-1111010010001001
What is -8663b (base 12) in base 8?
-532017
Convert 190739 (base 10) to base 2.
101110100100010011
What is -71778 (base 11) in base 3?
-12022200122
What is 1324421313 (base 5) in base 4?
30303300030
2047ca (base 14) to base 2
100001001101010101110
253041 (base 7) to base 5
2443202
Convert 615457 (base 9) to base 2.
1011001000101001100
12101021221 (base 3) to base 14
2a859
Convert 100010011011111110001 (base 2) to base 5.
242102213
What is 200020000100222 (base 3) in base 14?
14013a1
-192624 (base 11) to base 10
-296234
What is -d28b (base 16) in base 6?
-1053311
Convert 10432156 (base 7) to base 8.
3333276
-201b8 (base 14) to base 8
-226606
3356632 (base 8) to base 7
10503160
Convert -db65b (base 16) to base 9.
-1618641
What is -852b9 (base 12) in base 5?
-21044312
-12014443 (base 5) to base 16
-1b01f
What is -33113043 (base 6) in base 7?
-11260623
Convert -4281a (base 14) to base 12.
-79034
41042022 (base 5) to base 12
13b59b
What is -10101111001111110 (base 2) in base 6?
-1531222
What is -1844858 (base 9) in base 8?
-3742736
Convert -118730 (base 9) to base 15.
-16526
Convert -12101222 (base 5) to base 9.
-181517
Convert 30300 (base 7) to base 13.
3465
-20334130 (base 5) to base 7
-1266625
-1002222313 (base 4) to base 12
-112047
What is -3322432 (base 5) in base 3?
-2221101020
4415443 (base 7) to base 9
1015637
Convert 18048 (base 12) to base 6.
424132
What is -202033133 (base 4) in base 13?
-4babb
Convert -dbdb17 (base 14) to base 2.
-11100011011010111101001
Convert 2278794 (base 10) to base 7.
25240500
What is 6119920 (base 10) in base 13?
1363771
Convert 20211210010120 (base 3) to base 2.
1101110111111101010101
Convert -3034654 (base 7) to base 2.
-1011000010101111111
What is -1042332014 (base 5) in base 10?
-2308384
What is -504045 (base 9) in base 13?
-a5968
What is 18435041 (base 9) in base 5?
4334402213
